*6/120 + 7*w**5/60 + 3*w**4/8 + 7*w**3/6 + 2*w**2 - 163*w. Suppose -5 + 29 = 3*d. Give r(d).
15
Let y(r) be the second derivative of -25*r**3/6 + 2*r**2 - 1950*r. What is y(2)?
-46
Suppose 23 + 22 = -9*j. Let t(i) be the second derivative of i**4/6 + 7*i**3/6 + i**2/2 + 138*i - 1. Calculate t(j).
16
Suppose 13 = -13*d + 65. Suppose d*c - 3 = -5*s, -6*c + c - 9 = 2*s. Let q(a) = -a**3 - 3*a**2 + 1. Give q(c).
1
Let x(u) = 10 + 3 + 10*u**2 - 17. Let y(t) = -21*t**2 + 10. Let b(p) = 5*x(p) + 2*y(p). Give b(1).
8
Let f(s) = -2*s + s**2 + 2 - 4 - s - 2*s**2. Suppose 84*k - 36 - 300 = 0. What is f(k)?
-30
Let i(g) = g**3 - 27*g**2 + 25*g + 35. Let w be i(26). Let q(t) = -w*t - 6 + 14*t - 6*t. What is q(5)?
-11
Let t(r) = -3*r**3 - 2*r**2 - 12*r - 11. Let n = -1929 + 1928. Calculate t(n).
2
Let k(z) be the second derivative of 13*z**3/6 - 38*z**2 + 358*z - 2. What is k(5)?
-11
Let t(k) = -8*k**2 - 15*k + 24. Let m(h) = 3*h**2 + 5*h - 9. Let x be 30/8 + (-21)/(-84). Let i(r) = x*t(r) + 11*m(r). Determine i(4).
-7
Let b(m) be the first derivative of -5*m**3/3 + 15*m**2/2 - 3*m - 405. Determine b(2).
7
Suppose -354 = 3*d - 342. Let o(y) = y**3 + 4*y**2 - 2*y - 7. Determine o(d).
1
Let k(x) = -746*x**2 + 20 - 22 + 240*x**2 + 249*x**2 + 240*x**2 - x**3. Calculate k(-17).
-2
Let y(b) = -15*b + 14. Let z(j) = 17*j - 18. Let w(k) = 8*y(k) + 7*z(k). Determine w(11).
-25
Let r be 2/10 - 155/25. Let v(w) be the third derivative of -5*w**4/24 - 5*w**3/6 - 1774*w**2. Give v(r).
25
Suppose 5*y - 15 = -5*o, 0 = y + 5 - 7. Let x(u) be the third derivative of u**5/12 - u**4/24 + u**3/6 - 3*u**2 + 6. What is x(o)?
5
Let l(f) be the second derivative of -f**3/2 + 17*f**2/2 - 16789*f. Let h = 2 + 4. What is l(h)?
-1
Let t(u) be the third derivative of u**4/12 + u**3/6 + 2*u**2 + 172. Suppose -3*q - 15 = 3. What is t(q)?
-11
Let m(c) = -34*c + 74*c - 27*c. Let v = 518 - 515. What is m(v)?
39
Let x(j) = -86327*j - 26*j**2 - 2*j**3 + 43158*j + 43170*j - 8. Give x(-13).
-21
Let m(x) = 63*x + 166. Let q(j) = -22*j - 55. Let t(s) = 6*m(s) + 17*q(s). Let n be t(-16). Let z(r) = 3*r - 3. Determine z(n).
-12
Let u(q) = -q + 2. Let y(k) = -k**3 + 8*k**2 - 4*k + 8. Let g be y(6). Suppose -18*h + 25*h = -g. Determine u(h).
10
Let g = -14853 + 14847. Let m(q) = -5*q**2 + 2*q - 4. Let l(r) = -14*r**2 + 5*r - 12. Let b(p) = 4*l(p) - 11*m(p). Determine b(g).
-28
Suppose -3*t = 12, -21*t - 6 = 5*s - 17*t. Let y(m) = m + 8. Calculate y(s).
10
Suppose 12*z - 17*z = 3*v + 106, 8*z + 157 = -3*v. Let i(t) = t**3 + 18*t**2 + 14*t - 34. Give i(z).
17
Let o(h) = h**2 - 11*h + 15. Let r(u) = u**3 + 21*u**2 - 24*u - 36. Let i be r(-22). Give o(i).
-9
Let k(m) be the second derivative of m**5/20 - m**3/6 + 23*m. Let j be k(1). Let c(n) = -44 + j*n + 2*n + 47. Calculate c(-6).
-9
Let h(d) = 4*d**2 - 5*d**2 - 3*d**3 - 9*d**3 + 0*d**2 + 13*d**3 - d - 17. Suppose 12 = -4*g - 4*a, 3 = -5*g - 3*a + 2*a. Determine h(g).
-17
Let l = 68 + -57. Let y = l - 16. Let s(c) = 2*c + 46*c**3 + 6*c**2 - 4 - 26*c**3 - 19*c**3. Give s(y).
11
Let f be (-12 + 4)*-3 - -4. Suppose 5*t = 2*r - f, 3*r - 5 = -3*t + 37. Suppose r*h + 6 = 20*h. Let z(j) = -7*j - 1. Give z(h).
-8
Let u(s) be the first derivative of s**2/2 - 22*s + 736. Calculate u(0).
-22
Suppose -49*f + 144 = -67*f. Let l(x) = 6*x**2 + 48*x - 1. What is l(f)?
-1
Let g(w) = -56*w - 1205. Let u(z) = 11*z + 232. Let r(m) = -5*g(m) - 26*u(m). Let d be 14/3 + (-2)/(-6). What is r(d)?
-37
Suppose 0 = -t + 4*v - 8, -5*t - 97*v = -102*v - 5. Let g(b) be the first derivative of b**4/4 - 4*b**3/3 - 3*b**2/2 + 5*b - 1. What is g(t)?
-7
Let o(r) = -1670*r**2 - 10*r - 163. Let c(p) = -691*p**2 - 4*p - 68. Let u(v) = -29*c(v) + 12*o(v). Suppose 0 = -3*i + 3*m - 33, i + 1 + 0 = -m. Calculate u(i).
4
Let k(z) = -z**3 - 5*z**2 + 7*z + 3. Let r(o) = -o**2 - 16*o + 51. Suppose 3*l - 55 = -5*p, -14 = 2*p + 5*l - 36. Let j = p + -30. Let t be r(j). What is k(t)?
-3
Let i(k) = -k**2 - k + 7. Suppose 5*b + 25 = -5*z, 2*z + 3*z - 2*b + 32 = 0. Let s(w) = w + 1. Let m(r) = z*s(r) + i(r). Suppose -11*t = 111 - 56. What is m(t)?
11
Let n(l) be the first derivative of l**2 - 1168. Determine n(2).
4
Let f = -189860 - -189866. Let s(d) = -3*d**2 + d - 3 - 7 + 5*d. Let x(r) = -4*r**2 + 7*r - 11. Let u(y) = 3*s(y) - 2*x(y). What is u(f)?
-20
Let h(z) = z**3 - 9*z**2 - 22*z - 4. Let l(g) = -g**3 - g**2 - 3*g + 1. Let a be l(-2). Let x be h(a). Let j(q) = q**3 + 4*q**2 - 1. Give j(x).
-1
Let y(f) be the third derivative of 2*f**4 - 70*f**3/3 - 2418*f**2. Give y(3).
4
Let l(j) = -1527*j - 3*j**2 + j**3 + 1523*j + 3 + 1 + 1. Let u(c) = 3*c - 26. Let d be u(10). Give l(d).
5
Let t(x) = -x**2 - 11*x - 576. Let h(f) = -2*f - 116. Let w(c) = -5*h(c) + t(c). Let m(g) = g**2 + 2*g. Let s be m(-3). Suppose s*o = 2*o. Calculate w(o).
4
Let l(f) = -f**3 - 3*f**2 - f - 9. Let p(y) = -2*y**2 - 3*y. Let a(d) = -l(d) + 3*p(d). Determine a(5).
19
Let c(x) = 7*x**3 - 2*x**2 - 3*x. Let a be (-4)/(32/17) + 102/816. Calculate c(a).
-58
Let v(g) = -53*g**3 - 14*g**2 - 3*g + 15. Let t(i) = -27*i**3 - 8*i**2 - 2*i + 9. Let c(z) = -5*t(z) + 3*v(z). What is c(1)?
-25
Let l(x) be the first derivative of -x**4/4 - x**3/3 + 2*x**2 - x + 30. Let t = -1179 + 1176. Give l(t).
5
Let l(r) be the second derivative of -r**5/20 - r**4/4 - 3*r**3/2 - r**2/2 - 641*r. Give l(-3).
26
Let x(s) = 2*s**3 - 28*s**2 - 3*s + 3. Let d be x(14). Let v = d + 40. Let g(i) = -12*i**3 - 2*i**2 + 2*i - 1. Calculate g(v).
-13
Let d(r) = -7*r - r + 24*r**2 - 2 - 25*r**2. Let w(f) = -28*f + 243. Let b be w(9). Give d(b).
-11
Let i(w) = 2*w**2 - 4*w - 1. Suppose -k - 2 = -15. Let s(x) = -7 - 3*x + x**2 - k - 5. Let v be s(7). Determine i(v).
5
Suppose 70 = 13*l - 216. Let b(q) = -11*q**2 + 7 - l*q**3 + 65*q**3 + 12*q - 20*q**3 - 24*q**3. Calculate b(-12).
7
Let a(l) = 19*l - 4. Let n(c) = -37*c + 15. Let x(y) = -y + 4. Let u(t) = -n(t) + 2*x(t). Let h(g) = -11*a(g) + 6*u(g). Calculate h(6).
8
Suppose 132*o + 107 = -380 + 2467. Let d(a) = a**2 - 13*a - 21. What is d(o)?
9
Let x(g) = 4*g**2 + 2. Let r(p) = -5*p**2 + p - 4. Let d(b) = 3*r(b) + 4*x(b). Suppose m = -v + 8, 3*v = 2*m - m + 4. Suppose -m*o - 15 = -2*o. Calculate d(o).
6
Let s(w) = w**2 + 3. Let r(l) = 3*l**2 - 2*l - 10. Let k(v) = r(v) - 2*s(v). Calculate k(-2).
-8
Let b(k) = k**2 - 7*k + 3. Let u(x) = -x - 7. Let r(t) = -t - 6. Let i(v) = 3*r(v) - 2*u(v). Let h be i(-7). Suppose 0 = -4*d - h*d + 35. Calculate b(d).
-7
Suppose -2*t = 3*t - 30. Let p(u) = u**2 - 16*u - 4. Suppose 241*n - 238*n + 15 = 0. Let k(i) = i**2 - 14*i - 3. Let f(r) = n*k(r) + 4*p(r). Calculate f(t).
-1
Let b(g) = 11*g**2 - g. Let p(h) = -h + 7. Let c be p(5). Suppose c*k - m + 4*m + 4 = 0, -3*k - 3 = 3*m. Let u be (-5)/4 - k/(-4). Determine b(u).
12
Let c(t) = -t**3 + 5*t**2 - 3*t - 4. Let z(m) = -m**2 - 6*m - 6. Let i be z(-4). Let d = 7 - i. Suppose -d*r = -4*f + 36, 5*f - 3*r = -5*r + 12. What is c(f)?
0
Let p(t) = -t**2 + 15*t + 28. Suppose 12*g - 139 = 4*g - 11. Calculate p(g).
12
Let s(d) = -d + 4. Let c(u) = -2*u**2 + 20*u + 11. Let q be c(10). Let f(z) = -z**3 + 13*z**2 - 22*z - 3. Let o be f(q). Determine s(o).
7
Suppose -12*g = -322*g - 310. Let o(h) = h + 7. What is o(g)?
6
Let m be -3 + 22 - -1 - 5. Let p be (-1)/(-1) - m/(-15). Let c(z) = -1 - z**3 - 8*z**p + 6*z**2 - z**2. Calculate c(-3).
-1
Let k(t) = 7*t**3 - 7*t**2 + 29*t - 15. Let b(r) = -9*r**3 + 10*r**2 - 30*r + 16. Let g(u) = 4*b(u) + 5*k(u). Calculate g(8).
-3
Let k(i) be the first derivative of -1/4*i**4 - 134 + 5/2*i**2 + 2*i - 4/3*i**3. Determine k(-4).
-18
Let i(n) = -6*n + 2*n - 93 + 11*n + 136. What is i(-6)?
1
Let w(s) = -181. Let r(q) = 4*q - 198. Let a(f) = 6*r(f) - 5*w(f). What is a(12)?
5
Let h(u) be the first derivative of u**2 - 7*u - 427. Let b = -60 - -65. Give h(b).
3
Suppose 9*p = 806 - 77. Let o = p + -69. Let c(n) = -n**3 + 13*n**2 - 11*n + 4. Give c(o).
16
Let s be (30/(-21))/((-8)/28). Let u(c) be the second derivative of c**3 + 0 - 1/12*c**4 - 3/2*c**2 - 9*c. Calculate u(s).
2
Let a(w) = -11*w**3 - 2*w**2 + 2*w + 1. Suppose 2 = 18*g - 19*g. Let s(x) = 32*x**3 + 6*x**2 - 7*x - 3. Let v(l) = g*s(l) - 7*a(l). What is v(1)?
14
Let l = -149 + 154. Let s(a) = a + 5*a + 155 - l*a - 154. What is s(-6)?
-5
Let z(y) = -y**3 -